t is the greatest common divisor of 991785397 and 61?
61
Calculate the greatest common divisor of 369201989 and 13.
13
Calculate the highest common factor of 2 and 20427138.
2
What is the highest common divisor of 88871 and 21113?
491
What is the greatest common divisor of 1064120 and 440?
40
Calculate the greatest common divisor of 4452 and 1245129.
159
Calculate the greatest common divisor of 1257867050 and 110.
110
What is the greatest common factor of 1320 and 672280?
40
What is the greatest common factor of 320 and 89045?
5
Calculate the highest common factor of 3018 and 18366.
6
What is the highest common factor of 7943 and 4077294?
169
Calculate the greatest common factor of 705 and 6376785.
15
What is the highest common divisor of 90 and 5880390?
30
Calculate the highest common factor of 873136 and 35506.
82
Calculate the highest common divisor of 236377176 and 2384.
1192
What is the highest common factor of 35734820 and 22?
22
What is the greatest common divisor of 126 and 47431440?
126
Calculate the highest common divisor of 21425 and 14825.
25
Calculate the greatest common factor of 20263 and 4597939.
881
What is the greatest common divisor of 1423 and 1560155855?
1423
What is the greatest common divisor of 1935918 and 282960?
2358
Calculate the greatest common factor of 2910 and 2038210.
10
Calculate the highest common divisor of 735 and 260310120.
105
Calculate the highest common divisor of 19257 and 1596273.
147
What is the greatest common divisor of 811029 and 3357?
3
Calculate the highest common divisor of 1912 and 1528392.
8
Calculate the highest common factor of 29829 and 13164369.
489
What is the highest common factor of 100 and 24202560?
20
What is the greatest common divisor of 1331 and 80827637?
1331
What is the greatest common divisor of 63530506 and 5421?
1807
Calculate the greatest common factor of 25300 and 573804.
1012
What is the highest common divisor of 140691400 and 767?
59
What is the highest common divisor of 502243 and 2901493?
3199
Calculate the highest common divisor of 20682 and 1812356.
766
Calculate the highest common divisor of 1161608932 and 148.
148
Calculate the greatest common factor of 54571 and 120869804.
4961
What is the greatest common factor of 344448 and 2067?
39
Calculate the greatest common divisor of 171822336 and 896.
896
What is the highest common factor of 14 and 546369026?
14
What is the greatest common factor of 46911621 and 71502?
2103
What is the greatest common divisor of 2535 and 22589047?
169
What is the highest common factor of 12660710 and 10230?
310
What is the highest common divisor of 2873328 and 272?
16
Calculate the greatest common divisor of 8350 and 1413154.
334
Calculate the highest common factor of 17283460 and 5.
5
Calculate the greatest common factor of 14158550 and 225.
25
What is the highest common factor of 12973826 and 674?
674
Calculate the highest common divisor of 25637 and 1116.
31
What is the greatest common divisor of 2819365 and 2747?
41
What is the greatest common factor of 605447 and 164?
41
What is the highest common divisor of 2808 and 379944?
216
What is the greatest common factor of 4940304 and 2052?
228
What is the greatest common divisor of 29688 and 69911529?
3711
Calculate the greatest common divisor of 118230 and 930405.
105
What is the greatest common factor of 19355 and 28834050?
245
What is the greatest common divisor of 2277 and 76549?
11
Calculate the highest common factor of 1842615556 and 6199.
6199
Calculate the highest common factor of 6307470 and 1782.
162
What is the greatest common divisor of 649818743 and 2891?
2891
What is the highest common divisor of 32 and 67470528?
32
What is the highest common factor of 6334 and 279525754?
6334
What is the greatest common divisor of 732 and 9260166?
366
Calculate the highest common factor of 35337750 and 126.
42
What is the greatest common divisor of 2170 and 45?
5
Calculate the highest common divisor of 2119450 and 489850.
4850
Calculate the greatest common factor of 2189341 and 25949.
77
What is the highest common divisor of 19081283 and 116610?
3887
What is the greatest common factor of 366 and 129004264?
122
Calculate the greatest common divisor of 146950 and 98350.
50
Calculate the greatest common factor of 273 and 1732640.
91
Calculate the highest common divisor of 70 and 245598150.
70
What is the greatest common divisor of 534768 and 42276?
156
Calculate the greatest common factor of 30574044 and 162.
54
Calculate the greatest common divisor of 108 and 10399302.
18
Calculate the highest common factor of 1380 and 425701710.
690
What is the greatest common divisor of 520 and 77587172?
52
Calculate the highest common factor of 8977 and 48880.
47
What is the greatest common factor of 44835 and 294105?
105
Calculate the greatest common factor of 309040 and 195200.
80
What is the highest common divisor of 98346 and 6549?
111
What is the greatest common factor of 244311 and 199652?
2627
Calculate the greatest common divisor of 143835 and 5547.
129
Calculate the greatest common factor of 6872 and 31560.
8
What is the highest common divisor of 640 and 1194820?
20
Calculate the greatest common factor of 227085 and 2370.
15
What is the highest common factor of 58420 and 1795?
5
Calculate the highest common divisor of 80145 and 60057.
9
Calculate the greatest common factor of 7089 and 31165607.
2363
Calculate the greatest common divisor of 5562 and 2549868.
618
What is the highest common factor of 36 and 695081034?
18
What is the greatest common factor of 280576 and 3425?
137
What is the highest common factor of 13090948 and 116?
116
Calculate the highest common factor of 540 and 148499730.
270
Calculate the greatest common divisor of 3162316 and 52762.
1702
What is the highest common factor of 784928 and 174097?
19
What is the highest common divisor of 12250928 and 4064?
2032
What is the greatest common factor of 10633 and 2059764?
1519
Calculate the greatest common factor of 678763078 and 519.
173
Calculate the highest common factor of 743467 and 8336.
521
Calculate the highest common divisor of 45096 and 25320.
24
Calculate the highest common factor of 24520 and 12790858.
1226
What is the greatest common factor of 37778139 and 672777?
11403
Calculate the highest common factor of 27312564 and 30.
6
What is the highest common factor of 5258 and 3956406?
478
What is the greatest common factor of 7037599 and 2168?
271
What is the highest common divisor of 3476 and 209448118?
1738
What is the highest common factor of 934864 and 30884?
28
What is the greatest common factor of 184112071 and 13585?
2717
Calculate the highest common divisor of 9085739 and 247.
13
What is the greatest common factor of 1 and 5149075?
1
Calculate the greatest common divisor of 203872 and 31096.
184
What is the greatest common factor of 2660224 and 7168?
896
What is the greatest common factor of 609 and 64134?
21
What is the greatest common divisor of 40 and 20598826?
2
What is the greatest common divisor of 291660 and 6010?
10
What is the highest common factor of 35 and 58217070?
5
Calculate the highest common factor of 7020 and 3989520.
540
Calculate the greatest common factor of 5340571756 and 19.
19
Calculate the highest common divisor of 361 and 763344.
19
Calculate the highest common factor of 128 and 19349560.
8
Calculate the highest common factor of 1240 and 5653904.
248
What is the greatest common divisor of 2870 and 691950?
70
Calculate the highest common factor of 29340706 and 86.
86
Calculate the greatest common divisor of 52564419 and 4182.
123
Calculate the greatest common factor of 3150 and 2431206.
18
Calculate the highest common factor of 1905465706 and 12886.
12886
Calculate the highest common divisor of 183524 and 1398188.
1892
What is the highest common divisor of 45 and 428773545?
45
Calculate the highest common factor of 341301818 and 286.
286
What is the highest common factor of 144 and 23074344?
72
Calculate the highest common factor of 3079368 and 72.
72
Calculate the greatest common factor of 92 and 7975388.
92
Calculate the greatest common divisor of 7419760 and 8.
8
Calculate the highest common divisor of 636 and 48100044.
636
What is the highest common factor of 19695 and 16055?
65
What is the